{"id":172,"date":"2010-03-29T11:03:50","date_gmt":"2010-03-29T10:03:50","guid":{"rendered":"http:\/\/redlight-pc.de\/cms\/?page_id=172"},"modified":"2018-07-10T11:42:02","modified_gmt":"2018-07-10T09:42:02","slug":"audioproduktion","status":"publish","type":"page","link":"https:\/\/redlight-pc.de\/cms\/referenzen\/audioproduktion\/","title":{"rendered":"Audioproduktion"},"content":{"rendered":"<p><span style=\"text-decoration: underline;\"><strong>Musik Produktion<\/strong><\/span><\/p>\n<table style=\"width: 600px;\" border=\"0\" cellspacing=\"0\" cellpadding=\"0\">\n<tbody>\n<tr>\n<td align=\"left\" valign=\"top\" bgcolor=\"#cccccc\" width=\"150\"><span style=\"color: #000000;\"><strong><strong>Hintergrundmusik<\/strong><\/strong><\/span><\/td>\n<td align=\"left\" valign=\"top\" bgcolor=\"#cccccc\" width=\"320\">\u00a0<strong>Track: Emotional Spheres<\/strong><\/td>\n<\/tr>\n<tr>\n<td align=\"left\" valign=\"top\" bgcolor=\"#1386c2\" width=\"150\"><span style=\"color: #ffffff;\"><strong>Unsere Arbeiten und Services<\/strong><\/span><\/td>\n<td align=\"left\" valign=\"top\" bgcolor=\"#1386c2\" width=\"320\"><span style=\"color: #ffffff;\">Produktion und Einarbeitung von Musik zur Verwendung in Videos, Trailern und Imagefilmen<br \/>\n<\/span><\/td>\n<\/tr>\n<tr>\n<td bgcolor=\"#1386c2\"><span style=\"color: #ffffff;\"><strong>Anh\u00f6ren<\/strong><\/span><\/td>\n<td bgcolor=\"#1386c2\"><!--[if lt IE 9]><script>document.createElement('audio');<\/script><![endif]-->\n<audio class=\"wp-audio-shortcode\" id=\"audio-172-1\" preload=\"none\" style=\"width: 100%;\" controls=\"controls\"><source type=\"audio\/mpeg\" src=\"https:\/\/redlight-pc.de\/cms\/wp-content\/uploads\/2013\/03\/Maaster-Emotional-Spheres.mp3?_=1\" \/><a href=\"https:\/\/redlight-pc.de\/cms\/wp-content\/uploads\/2013\/03\/Maaster-Emotional-Spheres.mp3\">https:\/\/redlight-pc.de\/cms\/wp-content\/uploads\/2013\/03\/Maaster-Emotional-Spheres.mp3<\/a><\/audio><\/td>\n<\/tr>\n<\/tbody>\n<\/table>\n<p><span style=\"text-decoration: underline;\"><strong>Jingle Produktion<\/strong><\/span><\/p>\n<table style=\"width: 600px;\" border=\"0\" cellspacing=\"0\" cellpadding=\"0\">\n<tbody>\n<tr>\n<td align=\"left\" valign=\"top\" bgcolor=\"#cccccc\" width=\"150\"><span style=\"color: #000000;\"><strong><strong>Canario Dome Jingle<\/strong><\/strong><\/span><\/td>\n<td align=\"left\" valign=\"top\" bgcolor=\"#cccccc\" width=\"320\"><\/td>\n<\/tr>\n<tr>\n<td align=\"left\" valign=\"top\" bgcolor=\"#1386c2\" width=\"150\"><span style=\"color: #ffffff;\"><strong>Unsere Arbeiten und Services<\/strong><\/span><\/td>\n<td align=\"left\" valign=\"top\" bgcolor=\"#1386c2\" width=\"320\"><span style=\"color: #ffffff;\">Produktion eines Audio Jingles f\u00fcr eine Diskothek (Name ausgedacht!) zum Einsatz im Web oder Radio<\/span><\/td>\n<\/tr>\n<tr>\n<td bgcolor=\"#1386c2\"><span style=\"color: #ffffff;\"><strong>Anh\u00f6ren<\/strong><\/span><\/td>\n<td bgcolor=\"#1386c2\"><audio class=\"wp-audio-shortcode\" id=\"audio-172-2\" preload=\"none\" style=\"width: 100%;\" controls=\"controls\"><source type=\"audio\/mpeg\" src=\"https:\/\/redlight-pc.de\/cms\/wp-content\/uploads\/2010\/03\/Warteschleife_Medienhaus.mp3?_=2\" \/><a href=\"https:\/\/redlight-pc.de\/cms\/wp-content\/uploads\/2010\/03\/Warteschleife_Medienhaus.mp3\">https:\/\/redlight-pc.de\/cms\/wp-content\/uploads\/2010\/03\/Warteschleife_Medienhaus.mp3<\/a><\/audio><\/td>\n<\/tr>\n<tr>\n<td bgcolor=\"#1386c2\"><\/td>\n<td bgcolor=\"#1386c2\"><\/td>\n<\/tr>\n<\/tbody>\n<\/table>\n<table style=\"width: 600px;\" border=\"0\" cellspacing=\"0\" cellpadding=\"0\">\n<tbody>\n<tr>\n<td bgcolor=\"#cccccc\" width=\"600\"><strong>Holiday Dreams Jingle<\/strong><\/td>\n<\/tr>\n<\/tbody>\n<\/table>\n<table style=\"width: 600px;\" border=\"0\" cellspacing=\"0\" cellpadding=\"0\">\n<tbody>\n<tr>\n<td align=\"left\" valign=\"top\" bgcolor=\"#1386c2\" width=\"150\"><span style=\"color: #ffffff;\"><strong>Unsere Arbeiten und Services<\/strong><\/span><\/td>\n<td align=\"left\" valign=\"top\" bgcolor=\"#1386c2\" width=\"320\"><span style=\"color: #ffffff;\">Produktion eines Audio Jingles f\u00fcr einen Reiseveranstalter (Name ausgedacht!) zur Verwendung im Web oder Radio.<\/span><\/td>\n<\/tr>\n<tr>\n<td bgcolor=\"#1386c2\"><span style=\"color: #ffffff;\"><strong>Anh\u00f6ren<\/strong><\/span><\/td>\n<td bgcolor=\"#1386c2\"><audio class=\"wp-audio-shortcode\" id=\"audio-172-3\" preload=\"none\" style=\"width: 100%;\" controls=\"controls\"><source type=\"audio\/mpeg\" src=\"https:\/\/redlight-pc.de\/cms\/wp-content\/uploads\/Holiday_Dreams.mp3?_=3\" \/><a href=\"https:\/\/redlight-pc.de\/cms\/wp-content\/uploads\/Holiday_Dreams.mp3\">https:\/\/redlight-pc.de\/cms\/wp-content\/uploads\/Holiday_Dreams.mp3<\/a><\/audio><\/td>\n<\/tr>\n<tr>\n<td bgcolor=\"#1386c2\"><\/td>\n<td bgcolor=\"#1386c2\"><\/td>\n<\/tr>\n<\/tbody>\n<\/table>\n<table style=\"width: 600px;\" border=\"0\" cellspacing=\"0\" cellpadding=\"0\">\n<tbody>\n<tr>\n<td bgcolor=\"#cccccc\" width=\"600\"><strong>Hi-Five Music Jingle<\/strong><\/td>\n<\/tr>\n<\/tbody>\n<\/table>\n<table style=\"width: 600px;\" border=\"0\" cellspacing=\"0\" cellpadding=\"0\">\n<tbody>\n<tr>\n<td align=\"left\" valign=\"top\" bgcolor=\"#1386c2\" width=\"150\"><span style=\"color: #ffffff;\"><strong>Unsere Arbeiten und Services<\/strong><\/span><\/td>\n<td align=\"left\" valign=\"top\" bgcolor=\"#1386c2\" width=\"320\"><span style=\"color: #ffffff;\">Produktion eines Audio Jingles f\u00fcr einen Anbieter von CD Collections (Name ausgedacht!) zur Verwendung im Web oder Radio.<\/span><\/td>\n<\/tr>\n<tr>\n<td bgcolor=\"#1386c2\"><span style=\"color: #ffffff;\"><strong>Anh\u00f6ren<\/strong><\/span><\/td>\n<td bgcolor=\"#1386c2\"><audio class=\"wp-audio-shortcode\" id=\"audio-172-4\" preload=\"none\" style=\"width: 100%;\" controls=\"controls\"><source type=\"audio\/mpeg\" src=\"https:\/\/redlight-pc.de\/cms\/wp-content\/uploads\/Hi-Five_Music.mp3?_=4\" \/><a href=\"https:\/\/redlight-pc.de\/cms\/wp-content\/uploads\/Hi-Five_Music.mp3\">https:\/\/redlight-pc.de\/cms\/wp-content\/uploads\/Hi-Five_Music.mp3<\/a><\/audio><\/td>\n<\/tr>\n<tr>\n<td bgcolor=\"#1386c2\"><\/td>\n<td bgcolor=\"#1386c2\"><\/td>\n<\/tr>\n<\/tbody>\n<\/table>\n<p><span style=\"text-decoration: underline;\"><strong>Warteschleife f\u00fcr TK-Anlage<br \/>\n<\/strong><\/span><\/p>\n<table style=\"width: 600px;\" border=\"0\" cellspacing=\"0\" cellpadding=\"0\">\n<tbody>\n<tr>\n<td bgcolor=\"#cccccc\" width=\"600\"><strong>Warteschleife f\u00fcr die Telefonanlage des kath. Medienhauses<br \/>\n<\/strong><\/td>\n<\/tr>\n<\/tbody>\n<\/table>\n<table style=\"width: 600px;\" border=\"0\" cellspacing=\"0\" cellpadding=\"0\">\n<tbody>\n<tr>\n<td align=\"left\" valign=\"top\" bgcolor=\"#1386c2\" width=\"150\"><span style=\"color: #ffffff;\"><strong>Unsere Arbeiten und Services<\/strong><\/span><\/td>\n<td align=\"left\" valign=\"top\" bgcolor=\"#1386c2\" width=\"320\"><span style=\"color: #ffffff;\">Produktion der Hintergrundmusik und Sprachaufzeichnung, Abmischung und finalisierung f\u00fcr die Telefonanlage.<br \/>\n<\/span><\/td>\n<\/tr>\n<tr>\n<td bgcolor=\"#1386c2\"><span style=\"color: #ffffff;\"><strong>Anh\u00f6ren<\/strong><\/span><\/td>\n<td bgcolor=\"#1386c2\"><audio class=\"wp-audio-shortcode\" id=\"audio-172-5\" preload=\"none\" style=\"width: 100%;\" controls=\"controls\"><source type=\"audio\/mpeg\" src=\"https:\/\/redlight-pc.de\/cms\/wp-content\/uploads\/2010\/03\/Warteschleife_Medienhaus.mp3?_=5\" \/><a href=\"https:\/\/redlight-pc.de\/cms\/wp-content\/uploads\/2010\/03\/Warteschleife_Medienhaus.mp3\">https:\/\/redlight-pc.de\/cms\/wp-content\/uploads\/2010\/03\/Warteschleife_Medienhaus.mp3<\/a><\/audio><\/td>\n<\/tr>\n<tr>\n<td bgcolor=\"#1386c2\"><\/td>\n<td bgcolor=\"#1386c2\"><\/td>\n<\/tr>\n<\/tbody>\n<\/table>\n","protected":false},"excerpt":{"rendered":"<p>Musik Produktion Hintergrundmusik \u00a0Track: Emotional Spheres Unsere Arbeiten und Services Produktion und Einarbeitung von Musik zur Verwendung in Videos, Trailern und Imagefilmen Anh\u00f6ren Jingle Produktion Canario Dome Jingle Unsere Arbeiten und Services Produktion eines Audio Jingles f\u00fcr eine Diskothek (Name ausgedacht!) zum Einsatz im Web oder Radio Anh\u00f6ren Holiday Dreams Jingle Unsere Arbeiten und Services [&hellip;]<\/p>\n","protected":false},"author":1,"featured_media":0,"parent":126,"menu_order":0,"comment_status":"closed","ping_status":"closed","template":"","meta":{"jetpack_post_was_ever_published":false,"footnotes":""},"aioseo_notices":[],"jetpack_shortlink":"https:\/\/wp.me\/P2NCds-2M","jetpack_sharing_enabled":true,"_links":{"self":[{"href":"https:\/\/redlight-pc.de\/cms\/wp-json\/wp\/v2\/pages\/172"}],"collection":[{"href":"https:\/\/redlight-pc.de\/cms\/wp-json\/wp\/v2\/pages"}],"about":[{"href":"https:\/\/redlight-pc.de\/cms\/wp-json\/wp\/v2\/types\/page"}],"author":[{"embeddable":true,"href":"https:\/\/redlight-pc.de\/cms\/wp-json\/wp\/v2\/users\/1"}],"replies":[{"embeddable":true,"href":"https:\/\/redlight-pc.de\/cms\/wp-json\/wp\/v2\/comments?post=172"}],"version-history":[{"count":20,"href":"https:\/\/redlight-pc.de\/cms\/wp-json\/wp\/v2\/pages\/172\/revisions"}],"predecessor-version":[{"id":35849,"href":"https:\/\/redlight-pc.de\/cms\/wp-json\/wp\/v2\/pages\/172\/revisions\/35849"}],"up":[{"embeddable":true,"href":"https:\/\/redlight-pc.de\/cms\/wp-json\/wp\/v2\/pages\/126"}],"wp:attachment":[{"href":"https:\/\/redlight-pc.de\/cms\/wp-json\/wp\/v2\/media?parent=172"}],"curies":[{"name":"wp","href":"https:\/\/api.w.org\/{rel}","templated":true}]}}