{"id":24,"date":"2010-03-17T13:21:15","date_gmt":"2010-03-17T13:21:15","guid":{"rendered":"http:\/\/redlight-pc.de\/cms\/?page_id=24"},"modified":"2016-06-04T10:17:24","modified_gmt":"2016-06-04T08:17:24","slug":"hardware","status":"publish","type":"page","link":"https:\/\/redlight-pc.de\/cms\/services\/hardware\/","title":{"rendered":"Hardware"},"content":{"rendered":"<div  class='flex_column av-av_two_third-2a9015ff38129c418a3f2eafba3e9512 av_two_third  avia-builder-el-0  el_before_av_one_third  avia-builder-el-first  first flex_column_div  '     ><p>\n<style type=\"text\/css\" data-created_by=\"avia_inline_auto\" id=\"style-css-av-av_heading-21d8bf1ddebe06f13096dc87be157ec9\">\n#top .av-special-heading.av-av_heading-21d8bf1ddebe06f13096dc87be157ec9{\npadding-bottom:10px;\n}\nbody .av-special-heading.av-av_heading-21d8bf1ddebe06f13096dc87be157ec9 .av-special-heading-tag .heading-char{\nfont-size:25px;\n}\n.av-special-heading.av-av_heading-21d8bf1ddebe06f13096dc87be157ec9 .av-subheading{\nfont-size:15px;\n}\n<\/style>\n<div  class='av-special-heading av-av_heading-21d8bf1ddebe06f13096dc87be157ec9 av-special-heading-h1 blockquote modern-quote  avia-builder-el-1  el_before_av_iconlist  avia-builder-el-first '><h1 class='av-special-heading-tag '  itemprop=\"headline\"  >PC <span class='special_amp'>&amp;<\/span> MAC Komponenten<\/h1><div class='av-subheading av-subheading_below'><p>Wir verkaufen und liefern jegliche Art von PC &amp; MAC Hardware: von einzelnen Komponenten (RAM, CPU, Festplatten, Monitore) bis hin zu kompletten PC &amp; MAC-Systemen, Notebooks und Tablet-PCs oder Smartphones.<\/p>\n<\/div><div class=\"special-heading-border\"><div class=\"special-heading-inner-border\"><\/div><\/div><\/div><br \/>\n<div  class='avia-icon-list-container av-av_iconlist-e4a0ebdf966f1bea8883e87bb95dffd6  avia-builder-el-2  el_after_av_heading  avia-builder-el-last '><ul class='avia-icon-list avia_animate_when_almost_visible avia-icon-list-left av-iconlist-big av-av_iconlist-e4a0ebdf966f1bea8883e87bb95dffd6 avia-iconlist-animate'>\n<li><div class='iconlist_icon av-av_iconlist_item-e57720be22a37b8fa173fc71dc6657f5 avia-font-entypo-fontello avia-iconfont avia-font-entypo-fontello'><span class='av-icon-char' data-av_icon='\ue8d3' data-av_iconfont='entypo-fontello' aria-hidden=\"true\"><\/span><\/div><article class=\"article-icon-entry \"  itemscope=\"itemscope\" itemtype=\"https:\/\/schema.org\/CreativeWork\" ><div class=\"iconlist_content_wrap\"><header class=\"entry-content-header\" aria-label=\"Icon: Hardware Komponenten\"><h4 class='av_iconlist_title iconlist_title  '  itemprop=\"headline\" >Hardware Komponenten<\/h4><\/header><div class='iconlist_content '  itemprop=\"text\" ><p>Wir besorgen Ihnen jede ben\u00f6tigte Hardware-Komponente und liefern diese auf Wunsch auch. Eine Installation\/Einrichtung ist ebenfalls m\u00f6glich.<\/p>\n<\/div><\/div><footer class=\"entry-footer\"><\/footer><\/article><div class=\"iconlist-timeline\"><\/div><\/li>\n<li><div class='iconlist_icon av-av_iconlist_item-0947b78e4aec88b462a436a90ceb5b15 avia-font-entypo-fontello avia-iconfont avia-font-entypo-fontello'><span class='av-icon-char' data-av_icon='\ue8ab' data-av_iconfont='entypo-fontello' aria-hidden=\"true\"><\/span><\/div><article class=\"article-icon-entry \"  itemscope=\"itemscope\" itemtype=\"https:\/\/schema.org\/CreativeWork\" ><div class=\"iconlist_content_wrap\"><header class=\"entry-content-header\" aria-label=\"Icon: PC Systeme\"><h4 class='av_iconlist_title iconlist_title  '  itemprop=\"headline\" >PC Systeme<\/h4><\/header><div class='iconlist_content '  itemprop=\"text\" ><p>Gerne stellen wir nach Ihren Vorgaben und Leistungsanspr\u00fcchen an den PC ein individuelles Computer-System zusammen, Lieferung und Montage inklusive. Wir bieten auch einen Installationsservice von Betriebssystemen, A<span style=\"text-decoration: underline;\">n<\/span>wendersoftware, Treibern etc. bei bereits vorhandenen PCs vor Ort.<\/p>\n<\/div><\/div><footer class=\"entry-footer\"><\/footer><\/article><div class=\"iconlist-timeline\"><\/div><\/li>\n<li><div class='iconlist_icon av-av_iconlist_item-c5514a76e6b464792609c25e26fe0ddc avia-font-entypo-fontello avia-iconfont avia-font-entypo-fontello'><span class='av-icon-char' data-av_icon='\ue8cb' data-av_iconfont='entypo-fontello' aria-hidden=\"true\"><\/span><\/div><article class=\"article-icon-entry \"  itemscope=\"itemscope\" itemtype=\"https:\/\/schema.org\/CreativeWork\" ><div class=\"iconlist_content_wrap\"><header class=\"entry-content-header\" aria-label=\"Icon: Auf- &amp; Umr\u00fcstungen\"><h4 class='av_iconlist_title iconlist_title  '  itemprop=\"headline\" >Auf- &amp; Umr\u00fcstungen<\/h4><\/header><div class='iconlist_content '  itemprop=\"text\" ><p>Es muss nicht immer ein komplett neuer PC sein. In vielen F\u00e4llen k\u00f6nnen bestehende Ger\u00e4te mit der passenden Hardware auf die aktuellen Bed\u00fcrf<span style=\"text-decoration: underline;\">n<\/span>isse angepasst werden. Hier unterst\u00fctzen wir Sie gerne in Form von Beratung und Beschaffung entsprechender Komponenten.<\/p>\n<\/div><\/div><footer class=\"entry-footer\"><\/footer><\/article><div class=\"iconlist-timeline\"><\/div><\/li>\n<li><div class='iconlist_icon av-av_iconlist_item-6c5b22647808e585ecbc4b824b012e48 avia-font-entypo-fontello avia-iconfont avia-font-entypo-fontello'><span class='av-icon-char' data-av_icon='\ue920' data-av_iconfont='entypo-fontello' aria-hidden=\"true\"><\/span><\/div><article class=\"article-icon-entry \"  itemscope=\"itemscope\" itemtype=\"https:\/\/schema.org\/CreativeWork\" ><div class=\"iconlist_content_wrap\"><header class=\"entry-content-header\" aria-label=\"Icon: Apple Systeme\"><h4 class='av_iconlist_title iconlist_title  '  itemprop=\"headline\" >Apple Systeme<\/h4><\/header><div class='iconlist_content '  itemprop=\"text\" ><p>Verkauf und Lieferung von Apple-Systemen: ob MacBook, Mac Pro Systeme, iPad &amp; iPhone \u2013 wir sind Ihr kompetenter Partner.<\/p>\n<\/div><\/div><footer class=\"entry-footer\"><\/footer><\/article><div class=\"iconlist-timeline\"><\/div><\/li>\n<li><div class='iconlist_icon av-av_iconlist_item-96abddb5e60911f7eb3673e37a2d8003 avia-font-entypo-fontello avia-iconfont avia-font-entypo-fontello'><span class='av-icon-char' data-av_icon='\ue838' data-av_iconfont='entypo-fontello' aria-hidden=\"true\"><\/span><\/div><article class=\"article-icon-entry \"  itemscope=\"itemscope\" itemtype=\"https:\/\/schema.org\/CreativeWork\" ><div class=\"iconlist_content_wrap\"><header class=\"entry-content-header\" aria-label=\"Icon: Peripherie \"><h4 class='av_iconlist_title iconlist_title  '  itemprop=\"headline\" >Peripherie <\/h4><\/header><div class='iconlist_content '  itemprop=\"text\" ><p>Wir liefern und konfigurieren zus\u00e4tzliche Komponenten f\u00fcr Ihre EDV-Umgebung: Drucker, Scanner, USB-Komponenten, Eingabeger\u00e4te und vieles mehr.<\/p>\n<\/div><\/div><footer class=\"entry-footer\"><\/footer><\/article><div class=\"iconlist-timeline\"><\/div><\/li>\n<\/ul><\/div><\/p><\/div>\n\n<style type=\"text\/css\" data-created_by=\"avia_inline_auto\" id=\"style-css-av-av_one_third-9c1d454dc06f7247226bc4e8f931daae\">\n.flex_column.av-av_one_third-9c1d454dc06f7247226bc4e8f931daae{\nborder-radius:0px 0px 0px 0px;\npadding:0px 0px 0px 0px;\n}\n<\/style>\n<div  class='flex_column av-av_one_third-9c1d454dc06f7247226bc4e8f931daae av_one_third  avia-builder-el-3  el_after_av_two_third  avia-builder-el-last  flex_column_div av-zero-column-padding  '     ><p><article  class='iconbox iconbox_top av-av_icon_box-c6325f4c13051625ee4bccac70cd0fd3  avia-builder-el-4  el_before_av_hr  avia-builder-el-first  main_color'  itemscope=\"itemscope\" itemtype=\"https:\/\/schema.org\/CreativeWork\" ><div class=\"iconbox_content\"><header class=\"entry-content-header\" aria-label=\"Icon: Ihre Vorteile\"><div class='iconbox_icon heading-color avia-iconfont avia-font-entypo-fontello' data-av_icon='\ue82b' data-av_iconfont='entypo-fontello'  ><\/div><h3 class='iconbox_content_title '  itemprop=\"headline\" >Ihre Vorteile<\/h3><\/header><div class='iconbox_content_container '  itemprop=\"text\" ><p>individuelle Beratung<br \/>\nschnelle Lieferung<br \/>\nInstallation von Betriebssystemen<br \/>\nAufbau &amp; Einrichtung vor Ort<br \/>\nSoftware Einrichtung<br \/>\nBeratung zu Ihrem System<\/p>\n<\/div><\/div><footer class=\"entry-footer\"><\/footer><\/article><br \/>\n<div  class='hr av-av_hr-d3021aff4e2c88ff75459fd6b3a45a12 hr-default  avia-builder-el-5  el_after_av_icon_box  el_before_av_button '><span class='hr-inner '><span class=\"hr-inner-style\"><\/span><\/span><\/div><br \/>\n<div  class='avia-button-wrap av-av_button-d9fb797f9376cc507172b77032e03e05-wrap avia-button-center  avia-builder-el-6  el_after_av_hr  avia-builder-el-last '><a href='https:\/\/redlight-pc.de\/cms\/kontaktformular\/'  class='avia-button av-av_button-d9fb797f9376cc507172b77032e03e05 av-link-btn avia-icon_select-yes-left-icon avia-size-small avia-position-center avia-color-blue'   aria-label=\"Anfrage senden\"><span class='avia_button_icon avia_button_icon_left avia-iconfont avia-font-entypo-fontello' data-av_icon='\ue85b' data-av_iconfont='entypo-fontello' ><\/span><span class='avia_iconbox_title' >Anfrage senden<\/span><\/a><\/div><\/p><\/div>\n","protected":false},"excerpt":{"rendered":"","protected":false},"author":1,"featured_media":0,"parent":15,"menu_order":0,"comment_status":"closed","ping_status":"closed","template":"","meta":{"jetpack_post_was_ever_published":false,"footnotes":""},"aioseo_notices":[],"jetpack_shortlink":"https:\/\/wp.me\/P2NCds-o","jetpack_sharing_enabled":true,"_links":{"self":[{"href":"https:\/\/redlight-pc.de\/cms\/wp-json\/wp\/v2\/pages\/24"}],"collection":[{"href":"https:\/\/redlight-pc.de\/cms\/wp-json\/wp\/v2\/pages"}],"about":[{"href":"https:\/\/redlight-pc.de\/cms\/wp-json\/wp\/v2\/types\/page"}],"author":[{"embeddable":true,"href":"https:\/\/redlight-pc.de\/cms\/wp-json\/wp\/v2\/users\/1"}],"replies":[{"embeddable":true,"href":"https:\/\/redlight-pc.de\/cms\/wp-json\/wp\/v2\/comments?post=24"}],"version-history":[{"count":14,"href":"https:\/\/redlight-pc.de\/cms\/wp-json\/wp\/v2\/pages\/24\/revisions"}],"predecessor-version":[{"id":34794,"href":"https:\/\/redlight-pc.de\/cms\/wp-json\/wp\/v2\/pages\/24\/revisions\/34794"}],"up":[{"embeddable":true,"href":"https:\/\/redlight-pc.de\/cms\/wp-json\/wp\/v2\/pages\/15"}],"wp:attachment":[{"href":"https:\/\/redlight-pc.de\/cms\/wp-json\/wp\/v2\/media?parent=24"}],"curies":[{"name":"wp","href":"https:\/\/api.w.org\/{rel}","templated":true}]}}