{"id":34,"date":"2010-03-17T13:30:31","date_gmt":"2010-03-17T13:30:31","guid":{"rendered":"http:\/\/redlight-pc.de\/cms\/?page_id=34"},"modified":"2016-06-04T10:19:21","modified_gmt":"2016-06-04T08:19:21","slug":"webdesign","status":"publish","type":"page","link":"https:\/\/redlight-pc.de\/cms\/services\/webdesign\/","title":{"rendered":"Webdesign"},"content":{"rendered":"<div  class='flex_column av-av_two_third-2a9015ff38129c418a3f2eafba3e9512 av_two_third  avia-builder-el-0  el_before_av_one_third  avia-builder-el-first  first flex_column_div  '     ><p>\n<style type=\"text\/css\" data-created_by=\"avia_inline_auto\" id=\"style-css-av-av_heading-acfde428fae0eb086be465eaa7619c93\">\n#top .av-special-heading.av-av_heading-acfde428fae0eb086be465eaa7619c93{\npadding-bottom:10px;\n}\nbody .av-special-heading.av-av_heading-acfde428fae0eb086be465eaa7619c93 .av-special-heading-tag .heading-char{\nfont-size:25px;\n}\n.av-special-heading.av-av_heading-acfde428fae0eb086be465eaa7619c93 .av-subheading{\nfont-size:15px;\n}\n<\/style>\n<div  class='av-special-heading av-av_heading-acfde428fae0eb086be465eaa7619c93 av-special-heading-h1 blockquote modern-quote  avia-builder-el-1  el_before_av_iconlist  avia-builder-el-first '><h1 class='av-special-heading-tag '  itemprop=\"headline\"  >Ihr Auftritt im Internet<\/h1><div class='av-subheading av-subheading_below'><p>In der heutigen Zeit ist das Internet und vor allem die Auffindbarkeit von Firmen im \u201cWorld Wide Web\u201d wichtiger denn je. Profitieren Sie, indem Sie mit Ihrer Firma, Ihrem Verein oder anderen Institutionen Ihren Kunden, Mitgliedern und Besuchern eine ansprechende Seite im Internet anbieten. Auch bei privaten Webseiten oder Blogs bieten wir unsere Dienstleistungen gerne an.<\/p>\n<\/div><div class=\"special-heading-border\"><div class=\"special-heading-inner-border\"><\/div><\/div><\/div><br \/>\n<div  class='avia-icon-list-container av-av_iconlist-e4a0ebdf966f1bea8883e87bb95dffd6  avia-builder-el-2  el_after_av_heading  avia-builder-el-last '><ul class='avia-icon-list avia_animate_when_almost_visible avia-icon-list-left av-iconlist-big av-av_iconlist-e4a0ebdf966f1bea8883e87bb95dffd6 avia-iconlist-animate'>\n<li><div class='iconlist_icon av-av_iconlist_item-41e61b0dbdb50d8c112ebb95a52795f2 avia-font-entypo-fontello avia-iconfont avia-font-entypo-fontello'><span class='av-icon-char' data-av_icon='\ue84c' data-av_iconfont='entypo-fontello' aria-hidden=\"true\"><\/span><\/div><article class=\"article-icon-entry \"  itemscope=\"itemscope\" itemtype=\"https:\/\/schema.org\/CreativeWork\" ><div class=\"iconlist_content_wrap\"><header class=\"entry-content-header\" aria-label=\"Icon: Beratung &amp; Konzeption\"><h4 class='av_iconlist_title iconlist_title  '  itemprop=\"headline\" >Beratung &amp; Konzeption<\/h4><\/header><div class='iconlist_content '  itemprop=\"text\" ><p>Vor Umsetzung Ihres Web-Projektes werden zun\u00e4chst alle Details, Ihre Vorstellungen und W\u00fcnsche in einem pers\u00f6nlichen Gespr\u00e4ch er\u00f6rtert und daraufhin ein entsprechendes Konzept erarbeitet.<\/p>\n<\/div><\/div><footer class=\"entry-footer\"><\/footer><\/article><div class=\"iconlist-timeline\"><\/div><\/li>\n<li><div class='iconlist_icon av-av_iconlist_item-9283fdfc0db5569388ac3c65c84cb059 avia-font-entypo-fontello avia-iconfont avia-font-entypo-fontello'><span class='av-icon-char' data-av_icon='\ue8de' data-av_iconfont='entypo-fontello' aria-hidden=\"true\"><\/span><\/div><article class=\"article-icon-entry \"  itemscope=\"itemscope\" itemtype=\"https:\/\/schema.org\/CreativeWork\" ><div class=\"iconlist_content_wrap\"><header class=\"entry-content-header\" aria-label=\"Icon: HTML, CSS &amp; CMS\"><h4 class='av_iconlist_title iconlist_title  '  itemprop=\"headline\" >HTML, CSS &amp; CMS<\/h4><\/header><div class='iconlist_content '  itemprop=\"text\" ><p>Erstellung Ihrer Webseite gem\u00e4\u00df aktueller technischer Vorraussetzungen und auf Wunsch individuelle Programmierung in HTML &amp; CSS, oder aber via CMS-Systemen wie WordPress &amp; Co.<\/p>\n<\/div><\/div><footer class=\"entry-footer\"><\/footer><\/article><div class=\"iconlist-timeline\"><\/div><\/li>\n<li><div class='iconlist_icon av-av_iconlist_item-20e8aeecb59e16731cd511c7984ea5d1 avia-font-entypo-fontello avia-iconfont avia-font-entypo-fontello'><span class='av-icon-char' data-av_icon='\ue8b1' data-av_iconfont='entypo-fontello' aria-hidden=\"true\"><\/span><\/div><article class=\"article-icon-entry \"  itemscope=\"itemscope\" itemtype=\"https:\/\/schema.org\/CreativeWork\" ><div class=\"iconlist_content_wrap\"><header class=\"entry-content-header\" aria-label=\"Icon: Erstellung der Webseite\"><h4 class='av_iconlist_title iconlist_title  '  itemprop=\"headline\" >Erstellung der Webseite<\/h4><\/header><div class='iconlist_content '  itemprop=\"text\" ><p>Technische Umsetzung und Einrichtung: von einer kleinen Web-Visitenkarte bis zur umfangreichen Vereins- oder Firmenwebseite.<\/p>\n<\/div><\/div><footer class=\"entry-footer\"><\/footer><\/article><div class=\"iconlist-timeline\"><\/div><\/li>\n<li><div class='iconlist_icon av-av_iconlist_item-1365ffa5466d345f2865cad076c4be1a avia-font-entypo-fontello avia-iconfont avia-font-entypo-fontello'><span class='av-icon-char' data-av_icon='\ue803' data-av_iconfont='entypo-fontello' aria-hidden=\"true\"><\/span><\/div><article class=\"article-icon-entry \"  itemscope=\"itemscope\" itemtype=\"https:\/\/schema.org\/CreativeWork\" ><div class=\"iconlist_content_wrap\"><header class=\"entry-content-header\" aria-label=\"Icon: SEO\"><h4 class='av_iconlist_title iconlist_title  '  itemprop=\"headline\" >SEO<\/h4><\/header><div class='iconlist_content '  itemprop=\"text\" ><p>Wir sorgen daf\u00fcr, dass Ihre Webseite von f\u00fchrenden Suchmaschinen etc. gut gefunden und indiziert werden kann (Suchmaschinenoptimierung).<\/p>\n<\/div><\/div><footer class=\"entry-footer\"><\/footer><\/article><div class=\"iconlist-timeline\"><\/div><\/li>\n<li><div class='iconlist_icon av-av_iconlist_item-056e7f83ef4beb5de19bef6458b867be avia-font-entypo-fontello avia-iconfont avia-font-entypo-fontello'><span class='av-icon-char' data-av_icon='\ue8f5' data-av_iconfont='entypo-fontello' aria-hidden=\"true\"><\/span><\/div><article class=\"article-icon-entry \"  itemscope=\"itemscope\" itemtype=\"https:\/\/schema.org\/CreativeWork\" ><div class=\"iconlist_content_wrap\"><header class=\"entry-content-header\" aria-label=\"Icon: Social Media\"><h4 class='av_iconlist_title iconlist_title  '  itemprop=\"headline\" >Social Media<\/h4><\/header><div class='iconlist_content '  itemprop=\"text\" ><p>Integration von Social Media in Ihre Webseite: treten Sie via Facebook, Twitter, Google+ etc. in Kontakt mit Ihren Kunden und Besuchern und steigern die Reichweite.<\/p>\n<\/div><\/div><footer class=\"entry-footer\"><\/footer><\/article><div class=\"iconlist-timeline\"><\/div><\/li>\n<li><div class='iconlist_icon av-av_iconlist_item-9f1743cee63f224a040354d786848373 avia-font-redlight avia-iconfont avia-font-redlight'><span class='av-icon-char' data-av_icon='\ue80d' data-av_iconfont='redlight' aria-hidden=\"true\"><\/span><\/div><article class=\"article-icon-entry \"  itemscope=\"itemscope\" itemtype=\"https:\/\/schema.org\/CreativeWork\" ><div class=\"iconlist_content_wrap\"><header class=\"entry-content-header\" aria-label=\"Icon: Pflege &amp; Wartung\"><h4 class='av_iconlist_title iconlist_title  '  itemprop=\"headline\" >Pflege &amp; Wartung<\/h4><\/header><div class='iconlist_content '  itemprop=\"text\" ><p>Dauerhafte Pflege und Wartung Ihrer Webseite, Erstellen von Backups der Webdaten und Datenbanken und Einpflegen neuer Inhalte in Ihrem Auftrag. So bleibt Ihre Webseite immer aktuell und informativ.<\/p>\n<\/div><\/div><footer class=\"entry-footer\"><\/footer><\/article><div class=\"iconlist-timeline\"><\/div><\/li>\n<li><div class='iconlist_icon av-av_iconlist_item-66e36f420b6dfb9783ecf9831909d00f avia-font-redlight avia-iconfont avia-font-redlight'><span class='av-icon-char' data-av_icon='\ue81e' data-av_iconfont='redlight' aria-hidden=\"true\"><\/span><\/div><article class=\"article-icon-entry \"  itemscope=\"itemscope\" itemtype=\"https:\/\/schema.org\/CreativeWork\" ><div class=\"iconlist_content_wrap\"><header class=\"entry-content-header\" aria-label=\"Icon: G\u00fcnstige Support-Pakete\"><h4 class='av_iconlist_title iconlist_title  '  itemprop=\"headline\" >G\u00fcnstige Support-Pakete<\/h4><\/header><div class='iconlist_content '  itemprop=\"text\" ><p>Profitieren Sie von unseren g\u00fcnstigen Support-Paketen f\u00fcr die technische und inhaltliche Unterst\u00fctzung Ihrer Webseite.<br \/>\nMit diesen Paketen k\u00f6nnen Sie bis zu 30,5% gegen\u00fcber dem regul\u00e4ren Stundensatz von 50,00\u20ac sparen!<\/p>\n<\/div><\/div><footer class=\"entry-footer\"><\/footer><\/article><div class=\"iconlist-timeline\"><\/div><\/li>\n<\/ul><\/div><\/p><\/div>\n\n<style type=\"text\/css\" data-created_by=\"avia_inline_auto\" id=\"style-css-av-av_one_third-9c1d454dc06f7247226bc4e8f931daae\">\n.flex_column.av-av_one_third-9c1d454dc06f7247226bc4e8f931daae{\nborder-radius:0px 0px 0px 0px;\npadding:0px 0px 0px 0px;\n}\n<\/style>\n<div  class='flex_column av-av_one_third-9c1d454dc06f7247226bc4e8f931daae av_one_third  avia-builder-el-3  el_after_av_two_third  avia-builder-el-last  flex_column_div av-zero-column-padding  '     ><p><article  class='iconbox iconbox_top av-av_icon_box-c6325f4c13051625ee4bccac70cd0fd3  avia-builder-el-4  el_before_av_hr  avia-builder-el-first  main_color'  itemscope=\"itemscope\" itemtype=\"https:\/\/schema.org\/CreativeWork\" ><div class=\"iconbox_content\"><header class=\"entry-content-header\" aria-label=\"Icon: Ihre Vorteile\"><div class='iconbox_icon heading-color avia-iconfont avia-font-entypo-fontello' data-av_icon='\ue82b' data-av_iconfont='entypo-fontello'  ><\/div><h3 class='iconbox_content_title '  itemprop=\"headline\" >Ihre Vorteile<\/h3><\/header><div class='iconbox_content_container '  itemprop=\"text\" ><p>Ihre individuelle Webseite wird nach Ihren Vorgaben erstellt<br \/>\nGewinnen Sie neue Kunden &amp; Besucher<br \/>\nIntegration von Social Media wie Facebook &amp; Twitter: so sind Sie auch im Social Web auffindbar<br \/>\nErh\u00f6hen Sie die Reichweite Ihrer Firma oder Ihres Vereins<\/p>\n<\/div><\/div><footer class=\"entry-footer\"><\/footer><\/article><br \/>\n<div  class='hr av-av_hr-d3021aff4e2c88ff75459fd6b3a45a12 hr-default  avia-builder-el-5  el_after_av_icon_box  el_before_av_button '><span class='hr-inner '><span class=\"hr-inner-style\"><\/span><\/span><\/div><br \/>\n<div  class='avia-button-wrap av-av_button-a979157ec61df2627d94293bfff11276-wrap avia-button-center  avia-builder-el-6  el_after_av_hr  avia-builder-el-last '><a href='https:\/\/redlight-pc.de\/cms\/kontaktformular\/'  class='avia-button av-av_button-a979157ec61df2627d94293bfff11276 av-link-btn avia-icon_select-yes-left-icon avia-size-medium avia-position-center avia-color-blue'   aria-label=\"Anfrage senden\"><span class='avia_button_icon avia_button_icon_left avia-iconfont avia-font-entypo-fontello' data-av_icon='\ue85b' data-av_iconfont='entypo-fontello' ><\/span><span class='avia_iconbox_title' >Anfrage senden<\/span><\/a><\/div><\/p><\/div>\n","protected":false},"excerpt":{"rendered":"","protected":false},"author":1,"featured_media":0,"parent":15,"menu_order":0,"comment_status":"closed","ping_status":"closed","template":"","meta":{"jetpack_post_was_ever_published":false,"footnotes":""},"aioseo_notices":[],"jetpack_shortlink":"https:\/\/wp.me\/P2NCds-y","jetpack_sharing_enabled":true,"_links":{"self":[{"href":"https:\/\/redlight-pc.de\/cms\/wp-json\/wp\/v2\/pages\/34"}],"collection":[{"href":"https:\/\/redlight-pc.de\/cms\/wp-json\/wp\/v2\/pages"}],"about":[{"href":"https:\/\/redlight-pc.de\/cms\/wp-json\/wp\/v2\/types\/page"}],"author":[{"embeddable":true,"href":"https:\/\/redlight-pc.de\/cms\/wp-json\/wp\/v2\/users\/1"}],"replies":[{"embeddable":true,"href":"https:\/\/redlight-pc.de\/cms\/wp-json\/wp\/v2\/comments?post=34"}],"version-history":[{"count":9,"href":"https:\/\/redlight-pc.de\/cms\/wp-json\/wp\/v2\/pages\/34\/revisions"}],"predecessor-version":[{"id":34799,"href":"https:\/\/redlight-pc.de\/cms\/wp-json\/wp\/v2\/pages\/34\/revisions\/34799"}],"up":[{"embeddable":true,"href":"https:\/\/redlight-pc.de\/cms\/wp-json\/wp\/v2\/pages\/15"}],"wp:attachment":[{"href":"https:\/\/redlight-pc.de\/cms\/wp-json\/wp\/v2\/media?parent=34"}],"curies":[{"name":"wp","href":"https:\/\/api.w.org\/{rel}","templated":true}]}}