{"id":767,"date":"2013-09-01T17:15:20","date_gmt":"2013-09-01T16:15:20","guid":{"rendered":"http:\/\/redlight-pc.de\/cms\/?page_id=767"},"modified":"2016-06-04T10:18:50","modified_gmt":"2016-06-04T08:18:50","slug":"pc-sicherheit","status":"publish","type":"page","link":"https:\/\/redlight-pc.de\/cms\/services\/pc-sicherheit\/","title":{"rendered":"PC Sicherheit"},"content":{"rendered":"<div  class='flex_column av-av_two_third-2a9015ff38129c418a3f2eafba3e9512 av_two_third  avia-builder-el-0  el_before_av_one_third  avia-builder-el-first  first flex_column_div  '     ><p>\n<style type=\"text\/css\" data-created_by=\"avia_inline_auto\" id=\"style-css-av-av_heading-448cff041c6baa6f9613ace9a82d11f2\">\n#top .av-special-heading.av-av_heading-448cff041c6baa6f9613ace9a82d11f2{\npadding-bottom:10px;\n}\nbody .av-special-heading.av-av_heading-448cff041c6baa6f9613ace9a82d11f2 .av-special-heading-tag .heading-char{\nfont-size:25px;\n}\n.av-special-heading.av-av_heading-448cff041c6baa6f9613ace9a82d11f2 .av-subheading{\nfont-size:15px;\n}\n<\/style>\n<div  class='av-special-heading av-av_heading-448cff041c6baa6f9613ace9a82d11f2 av-special-heading-h1 blockquote modern-quote  avia-builder-el-1  el_before_av_iconlist  avia-builder-el-first '><h1 class='av-special-heading-tag '  itemprop=\"headline\"  >Sch\u00fctzen Sie Ihre Systeme<\/h1><div class='av-subheading av-subheading_below'><p>Gerade in der heutigen Zeit r\u00fcckt die Sicherheit der Daten auf Computersystemen immer weiter in den Fokus, denn im Internet kursieren eine Vielzahl an Viren und sonstigen Sch\u00e4dlingen, die auf Datenklau ausgelegt sind.<\/p>\n<p>Rechtzeitiges Vorbeugen ist wichtig, denn ist der Computer erst mal infiziert, droht ein Datenverlust. Diese Daten zu retten und das betreffende System zu bereinigen wird schnell aufwendig und teuer. Genau aus diesem Grund bieten wir Ihnen unser PC Sicherheits-Paket an: es sch\u00fctzt Ihr System vor Viren und Datenklau, bevor es zu sp\u00e4t ist.<\/p>\n<\/div><div class=\"special-heading-border\"><div class=\"special-heading-inner-border\"><\/div><\/div><\/div><br \/>\n<div  class='avia-icon-list-container av-av_iconlist-e4a0ebdf966f1bea8883e87bb95dffd6  avia-builder-el-2  el_after_av_heading  avia-builder-el-last '><ul class='avia-icon-list avia_animate_when_almost_visible avia-icon-list-left av-iconlist-big av-av_iconlist-e4a0ebdf966f1bea8883e87bb95dffd6 avia-iconlist-animate'>\n<li><div class='iconlist_icon av-av_iconlist_item-26d0bf56e62e99532b079b234db3a407 avia-font-entypo-fontello avia-iconfont avia-font-entypo-fontello'><span class='av-icon-char' data-av_icon='\ue8b4' data-av_iconfont='entypo-fontello' aria-hidden=\"true\"><\/span><\/div><article class=\"article-icon-entry \"  itemscope=\"itemscope\" itemtype=\"https:\/\/schema.org\/CreativeWork\" ><div class=\"iconlist_content_wrap\"><header class=\"entry-content-header\" aria-label=\"Icon: Anti-Viren Software\"><h4 class='av_iconlist_title iconlist_title  '  itemprop=\"headline\" >Anti-Viren Software<\/h4><\/header><div class='iconlist_content '  itemprop=\"text\" ><p>Verkauf, Installation und Einrichtung von Anti-Virensoftware auf Ihrem System (PC &amp; Mac).<\/p>\n<\/div><\/div><footer class=\"entry-footer\"><\/footer><\/article><div class=\"iconlist-timeline\"><\/div><\/li>\n<li><div class='iconlist_icon av-av_iconlist_item-e4694f4c1fa184b51b1f243ca688b517 avia-font-entypo-fontello avia-iconfont avia-font-entypo-fontello'><span class='av-icon-char' data-av_icon='\ue8ab' data-av_iconfont='entypo-fontello' aria-hidden=\"true\"><\/span><\/div><article class=\"article-icon-entry \"  itemscope=\"itemscope\" itemtype=\"https:\/\/schema.org\/CreativeWork\" ><div class=\"iconlist_content_wrap\"><header class=\"entry-content-header\" aria-label=\"Icon: System \u00dcberpr\u00fcfung\"><h4 class='av_iconlist_title iconlist_title  '  itemprop=\"headline\" >System \u00dcberpr\u00fcfung<\/h4><\/header><div class='iconlist_content '  itemprop=\"text\" ><p>\u00dcberpr\u00fcfung Ihres PC oder MAC-Systems auf Viren, Trojaner, Spy- und Adware und Entfernung vorhandener Bedrohungen.<\/p>\n<\/div><\/div><footer class=\"entry-footer\"><\/footer><\/article><div class=\"iconlist-timeline\"><\/div><\/li>\n<li><div class='iconlist_icon av-av_iconlist_item-35e1caf681063719ea78ad8e51908630 avia-font-entypo-fontello avia-iconfont avia-font-entypo-fontello'><span class='av-icon-char' data-av_icon='\ue81f' data-av_iconfont='entypo-fontello' aria-hidden=\"true\"><\/span><\/div><article class=\"article-icon-entry \"  itemscope=\"itemscope\" itemtype=\"https:\/\/schema.org\/CreativeWork\" ><div class=\"iconlist_content_wrap\"><header class=\"entry-content-header\" aria-label=\"Icon: Beratung\"><h4 class='av_iconlist_title iconlist_title  '  itemprop=\"headline\" >Beratung<\/h4><\/header><div class='iconlist_content '  itemprop=\"text\" ><p>Individuelle und umfangreiche Beratung zum sicheren Surfen im Internet und sicheren Online-Banking, sowie zur fr\u00fchzeitigen Erkennung potenzieller Gefahren.<\/p>\n<\/div><\/div><footer class=\"entry-footer\"><\/footer><\/article><div class=\"iconlist-timeline\"><\/div><\/li>\n<li><div class='iconlist_icon av-av_iconlist_item-7e263b2d0c03d1249b28e8fb03e57751 avia-font-entypo-fontello avia-iconfont avia-font-entypo-fontello'><span class='av-icon-char' data-av_icon='\ue859' data-av_iconfont='entypo-fontello' aria-hidden=\"true\"><\/span><\/div><article class=\"article-icon-entry \"  itemscope=\"itemscope\" itemtype=\"https:\/\/schema.org\/CreativeWork\" ><div class=\"iconlist_content_wrap\"><header class=\"entry-content-header\" aria-label=\"Icon: Sicheres Online Shopping\"><h4 class='av_iconlist_title iconlist_title  '  itemprop=\"headline\" >Sicheres Online Shopping<\/h4><\/header><div class='iconlist_content '  itemprop=\"text\" ><p>Betr\u00fcgern keine Chance geben: wir geben Tipps zum sicheren Einkaufen im World Wide Web.<\/p>\n<\/div><\/div><footer class=\"entry-footer\"><\/footer><\/article><div class=\"iconlist-timeline\"><\/div><\/li>\n<\/ul><\/div><\/p><\/div>\n\n<style type=\"text\/css\" data-created_by=\"avia_inline_auto\" id=\"style-css-av-av_one_third-9c1d454dc06f7247226bc4e8f931daae\">\n.flex_column.av-av_one_third-9c1d454dc06f7247226bc4e8f931daae{\nborder-radius:0px 0px 0px 0px;\npadding:0px 0px 0px 0px;\n}\n<\/style>\n<div  class='flex_column av-av_one_third-9c1d454dc06f7247226bc4e8f931daae av_one_third  avia-builder-el-3  el_after_av_two_third  avia-builder-el-last  flex_column_div av-zero-column-padding  '     ><p><article  class='iconbox iconbox_top av-av_icon_box-c6325f4c13051625ee4bccac70cd0fd3  avia-builder-el-4  el_before_av_hr  avia-builder-el-first  main_color'  itemscope=\"itemscope\" itemtype=\"https:\/\/schema.org\/CreativeWork\" ><div class=\"iconbox_content\"><header class=\"entry-content-header\" aria-label=\"Icon: Ihre Vorteile\"><div class='iconbox_icon heading-color avia-iconfont avia-font-entypo-fontello' data-av_icon='\ue82b' data-av_iconfont='entypo-fontello'  ><\/div><h3 class='iconbox_content_title '  itemprop=\"headline\" >Ihre Vorteile<\/h3><\/header><div class='iconbox_content_container '  itemprop=\"text\" ><p>Schutz f\u00fcr Ihr System<br \/>\nf\u00fcr PC &amp; MAC<br \/>\nkompetente Beratung<br \/>\nmehr Sicherheit im Internet<br \/>\ng\u00fcnstige Anti-Virensoftware<\/p>\n<\/div><\/div><footer class=\"entry-footer\"><\/footer><\/article><br \/>\n<div  class='hr av-av_hr-d3021aff4e2c88ff75459fd6b3a45a12 hr-default  avia-builder-el-5  el_after_av_icon_box  el_before_av_table '><span class='hr-inner '><span class=\"hr-inner-style\"><\/span><\/span><\/div><br \/>\n<div  class='avia-table av-av_table-0dbd4b02bf7992702bcd31d6ed7d2f7c main_color avia-pricing-table-container avia_pricing_default  avia-builder-el-6  el_after_av_hr  el_before_av_button  avia-table-1'  itemscope=\"itemscope\" itemtype=\"https:\/\/schema.org\/Table\" ><div class=\"pricing-table-wrap\"><ul class='pricing-table '><li class='avia-heading-row'><div class='first-table-item'>RedLight PC Sicherheitspaket<\/div><span class='pricing-extra'><\/span><\/li><li class=''>Enthaltene Leistungen:<br \/>\nKaspersky Internet Security inkl. 1 Jahr kostenfreie Updates<br \/>\nVollst\u00e4ndige \u00dcberpr\u00fcfung Ihres Systems<br \/>\nBei Infektionen: Entfernung aller Bedrohungen<br \/>\nBeratung zur Steigerung der Sicherheit<\/li><li class='avia-pricing-row'>70,00 EUR<\/li><\/ul><\/div><\/div><br \/>\n<div  class='avia-button-wrap av-av_button-e8df1cc66a48a218bad9052aa5013eef-wrap avia-button-center  avia-builder-el-7  el_after_av_table  avia-builder-el-last '><a href='https:\/\/redlight-pc.de\/cms\/kontaktformular\/'  class='avia-button av-av_button-e8df1cc66a48a218bad9052aa5013eef av-link-btn avia-icon_select-yes-left-icon avia-size-small avia-position-center avia-color-blue'   aria-label=\"Anfrage senden\"><span class='avia_button_icon avia_button_icon_left avia-iconfont avia-font-entypo-fontello' data-av_icon='\ue81d' data-av_iconfont='entypo-fontello' ><\/span><span class='avia_iconbox_title' >Anfrage senden<\/span><\/a><\/div><\/p><\/div>\n","protected":false},"excerpt":{"rendered":"","protected":false},"author":1,"featured_media":0,"parent":15,"menu_order":0,"comment_status":"closed","ping_status":"open","template":"","meta":{"jetpack_post_was_ever_published":false,"footnotes":""},"aioseo_notices":[],"jetpack_shortlink":"https:\/\/wp.me\/P2NCds-cn","jetpack_sharing_enabled":true,"_links":{"self":[{"href":"https:\/\/redlight-pc.de\/cms\/wp-json\/wp\/v2\/pages\/767"}],"collection":[{"href":"https:\/\/redlight-pc.de\/cms\/wp-json\/wp\/v2\/pages"}],"about":[{"href":"https:\/\/redlight-pc.de\/cms\/wp-json\/wp\/v2\/types\/page"}],"author":[{"embeddable":true,"href":"https:\/\/redlight-pc.de\/cms\/wp-json\/wp\/v2\/users\/1"}],"replies":[{"embeddable":true,"href":"https:\/\/redlight-pc.de\/cms\/wp-json\/wp\/v2\/comments?post=767"}],"version-history":[{"count":13,"href":"https:\/\/redlight-pc.de\/cms\/wp-json\/wp\/v2\/pages\/767\/revisions"}],"predecessor-version":[{"id":34798,"href":"https:\/\/redlight-pc.de\/cms\/wp-json\/wp\/v2\/pages\/767\/revisions\/34798"}],"up":[{"embeddable":true,"href":"https:\/\/redlight-pc.de\/cms\/wp-json\/wp\/v2\/pages\/15"}],"wp:attachment":[{"href":"https:\/\/redlight-pc.de\/cms\/wp-json\/wp\/v2\/media?parent=767"}],"curies":[{"name":"wp","href":"https:\/\/api.w.org\/{rel}","templated":true}]}}