{"id":88,"date":"2010-03-23T12:52:03","date_gmt":"2010-03-23T11:52:03","guid":{"rendered":"http:\/\/redlight-pc.de\/cms\/?page_id=88"},"modified":"2024-12-31T17:59:59","modified_gmt":"2024-12-31T16:59:59","slug":"preisliste","status":"publish","type":"page","link":"https:\/\/redlight-pc.de\/cms\/preisliste\/","title":{"rendered":"Preisliste"},"content":{"rendered":"<div id='av_section_1'  class='avia-section av-1wf3ts-8a06e32a44747903d573f9dccf6ea22e main_color avia-section-default avia-no-shadow  avia-builder-el-0  el_before_av_section  avia-builder-el-first  avia-bg-style-scroll container_wrap sidebar_right'  ><div class=\"av-section-color-overlay-wrap\"><a href='#next-section' title='' class='scroll-down-link  avia-svg-icon avia-font-svg_entypo-fontello' data-av_svg_icon='down-open-mini' data-av_iconset='svg_entypo-fontello'><svg version=\"1.1\" xmlns=\"http:\/\/www.w3.org\/2000\/svg\" width=\"15\" height=\"32\" viewBox=\"0 0 15 32\" preserveAspectRatio=\"xMidYMid meet\" aria-labelledby='av-svg-title-1' aria-describedby='av-svg-desc-1' role=\"graphics-symbol\" aria-hidden=\"true\">\n<title id='av-svg-title-1'>Scroll to next section<\/title>\n<desc id='av-svg-desc-1'>Scroll to next section<\/desc>\n<path d=\"M12.96 12.16q0.704-0.832 1.536 0 0.832 0.704 0 1.536l-6.272 6.144q-0.704 0.704-1.536 0l-6.272-6.144q-0.832-0.832 0-1.536 0.768-0.768 1.6 0l5.44 4.992z\"><\/path>\n<\/svg><\/a><div class='container av-section-cont-open' ><main  role=\"main\" itemprop=\"mainContentOfPage\"  class='template-page content  av-content-small alpha units'><div class='post-entry post-entry-type-page post-entry-88'><div class='entry-content-wrapper clearfix'>\n\n<style type=\"text\/css\" data-created_by=\"avia_inline_auto\" id=\"style-css-av-1vmros-449663afe393976501a9e3664e6a808a\">\n#top .av-special-heading.av-1vmros-449663afe393976501a9e3664e6a808a{\npadding-bottom:10px;\n}\nbody .av-special-heading.av-1vmros-449663afe393976501a9e3664e6a808a .av-special-heading-tag .heading-char{\nfont-size:25px;\n}\n.av-special-heading.av-1vmros-449663afe393976501a9e3664e6a808a .av-subheading{\nfont-size:15px;\n}\n<\/style>\n<div  class='av-special-heading av-1vmros-449663afe393976501a9e3664e6a808a av-special-heading-h1  avia-builder-el-1  el_before_av_table  avia-builder-el-first '><h1 class='av-special-heading-tag '  itemprop=\"headline\"  >Anfahrtskosten<\/h1><div class=\"special-heading-border\"><div class=\"special-heading-inner-border\"><\/div><\/div><\/div>\n<div  class='avia-table av-1v3k3k-e4e9ed3c9847c50e00d43e542f7681f5 main_color avia-pricing-table-container avia_pricing_default  avia-builder-el-2  el_after_av_heading  avia-builder-el-last  avia-table-1'  itemscope=\"itemscope\" itemtype=\"https:\/\/schema.org\/Table\" ><div class=\"pricing-table-wrap\"><ul class='pricing-table avia-highlight-col'><li class='avia-heading-row'><div class='first-table-item'>Anfahrtskosten Engeldorf<\/div><span class='pricing-extra'><\/span><\/li><li class=''>F\u00fcr alle Adressen innerhalb 51515 K\u00fcrten-Engeldorf gilt der verg\u00fcnstigte Preis.<\/li><li class='avia-heading-row'>7,50 EUR<br \/>\n(8,93 EUR inkl. MwSt)<\/li><li class='avia-button-row'><div  class='avia-button-wrap av-1m70wg-30ea23d3c9acaa5e5c4cc3166ab68735-wrap avia-button-center  avia-builder-el-3  el_before_av_button  avia-builder-el-first '><a href='https:\/\/www.google.de\/maps\/dir\/\/RedLight+-+PC+Service+%26+Mediendesign,+Wipperf\u00fcrther+Stra\u00dfe+211a,+51515+K\u00fcrten\/@51.4270853,7.6639887,8z\/data=!4m8!4m7!1m0!1m5!1m1!1s0x47bed138042095f5:0xd7a6fce253b374fd!2m2!1d7.242017!2d51.017499' class='avia-button av-1m70wg-30ea23d3c9acaa5e5c4cc3166ab68735 av-link-btn avia-icon_select-yes-left-icon avia-size-small avia-position-center avia-color-theme-color' target=\"_blank\" rel=\"noopener noreferrer\" aria-label=\"Entfernung berechnen\"><span class='avia_button_icon avia_button_icon_left avia-iconfont avia-font-entypo-fontello' data-av_icon='\ue8de' data-av_iconfont='entypo-fontello' ><\/span><span class='avia_iconbox_title' >Entfernung berechnen<\/span><\/a><\/div><\/li><\/ul><\/div><div class=\"pricing-table-wrap\"><ul class='pricing-table avia-highlight-col'><li class='avia-heading-row'><div class='first-table-item'>Anfahrtskosten bis 10km<\/div><span class='pricing-extra'><\/span><\/li><li class=''>Der Einsatzort liegt bis zu 10 Kilometer von 51515 K\u00fcrten-Engeldorf entfernt.<\/li><li class='avia-heading-row'>15,00 EUR<br \/>\n(17,85 EUR inkl. MwSt)<\/li><li class='avia-button-row'><div  class='avia-button-wrap av-1l3z6w-88dc4fbadb246ff009773921a12385e6-wrap avia-button-center  avia-builder-el-4  el_after_av_button  el_before_av_button '><a href='https:\/\/www.google.de\/maps\/dir\/\/RedLight+-+PC+Service+%26+Mediendesign,+Wipperf\u00fcrther+Stra\u00dfe+211a,+51515+K\u00fcrten\/@51.4270853,7.6639887,8z\/data=!4m8!4m7!1m0!1m5!1m1!1s0x47bed138042095f5:0xd7a6fce253b374fd!2m2!1d7.242017!2d51.017499' class='avia-button av-1l3z6w-88dc4fbadb246ff009773921a12385e6 av-link-btn avia-icon_select-yes-left-icon avia-size-small avia-position-center avia-color-theme-color' target=\"_blank\" rel=\"noopener noreferrer\" aria-label=\"Entfernung berechnen\"><span class='avia_button_icon avia_button_icon_left avia-iconfont avia-font-entypo-fontello' data-av_icon='\ue8de' data-av_iconfont='entypo-fontello' ><\/span><span class='avia_iconbox_title' >Entfernung berechnen<\/span><\/a><\/div><\/li><\/ul><\/div><div class=\"pricing-table-wrap\"><ul class='pricing-table avia-highlight-col'><li class='avia-heading-row'><div class='first-table-item'>Anfahrtskosten je weitere 10km<\/div><span class='pricing-extra'><\/span><\/li><li class=''>Je weitere 10 Kilometer Entfernung von 51515 K\u00fcrten-Engeldorf.<\/li><li class='avia-heading-row'>15,00 EUR<br \/>\n(17,85 EUR inkl. MwSt)<\/li><li class='avia-button-row'><div  class='avia-button-wrap av-1jkt8g-b6e1e729c6218ba260e578cbeaa637e9-wrap avia-button-center  avia-builder-el-5  el_after_av_button  avia-builder-el-last '><a href='https:\/\/www.google.de\/maps\/dir\/\/RedLight+-+PC+Service+%26+Mediendesign,+Wipperf\u00fcrther+Stra\u00dfe+211a,+51515+K\u00fcrten\/@51.4270853,7.6639887,8z\/data=!4m8!4m7!1m0!1m5!1m1!1s0x47bed138042095f5:0xd7a6fce253b374fd!2m2!1d7.242017!2d51.017499' class='avia-button av-1jkt8g-b6e1e729c6218ba260e578cbeaa637e9 av-link-btn avia-icon_select-yes-left-icon avia-size-small avia-position-center avia-color-theme-color' target=\"_blank\" rel=\"noopener noreferrer\" aria-label=\"Entfernung berechnen\"><span class='avia_button_icon avia_button_icon_left avia-iconfont avia-font-entypo-fontello' data-av_icon='\ue8de' data-av_iconfont='entypo-fontello' ><\/span><span class='avia_iconbox_title' >Entfernung berechnen<\/span><\/a><\/div><\/li><\/ul><\/div><\/div>\n\n<\/div><\/div><\/main><!-- close content main element --><\/div><\/div><\/div><div id='av_section_2'  class='avia-section av-1ihymg-e6a311b2157dcd53638a1ffbc87bb211 alternate_color avia-section-default avia-no-shadow  avia-builder-el-6  el_after_av_section  el_before_av_section  avia-bg-style-scroll container_wrap sidebar_right'  ><div class=\"av-section-color-overlay-wrap\"><a href='#next-section' title='' class='scroll-down-link  avia-svg-icon avia-font-svg_entypo-fontello' data-av_svg_icon='down-open-mini' data-av_iconset='svg_entypo-fontello'><svg version=\"1.1\" xmlns=\"http:\/\/www.w3.org\/2000\/svg\" width=\"15\" height=\"32\" viewBox=\"0 0 15 32\" preserveAspectRatio=\"xMidYMid meet\" aria-labelledby='av-svg-title-2' aria-describedby='av-svg-desc-2' role=\"graphics-symbol\" aria-hidden=\"true\">\n<title id='av-svg-title-2'>Scroll to next section<\/title>\n<desc id='av-svg-desc-2'>Scroll to next section<\/desc>\n<path d=\"M12.96 12.16q0.704-0.832 1.536 0 0.832 0.704 0 1.536l-6.272 6.144q-0.704 0.704-1.536 0l-6.272-6.144q-0.832-0.832 0-1.536 0.768-0.768 1.6 0l5.44 4.992z\"><\/path>\n<\/svg><\/a><div class='container av-section-cont-open' ><div class='template-page content  av-content-small alpha units'><div class='post-entry post-entry-type-page post-entry-88'><div class='entry-content-wrapper clearfix'>\n\n<style type=\"text\/css\" data-created_by=\"avia_inline_auto\" id=\"style-css-av-fsfsw-a380c48e947ae7a9612ae3eae5c2fb72\">\n#top .av-special-heading.av-fsfsw-a380c48e947ae7a9612ae3eae5c2fb72{\npadding-bottom:10px;\n}\nbody .av-special-heading.av-fsfsw-a380c48e947ae7a9612ae3eae5c2fb72 .av-special-heading-tag .heading-char{\nfont-size:25px;\n}\n.av-special-heading.av-fsfsw-a380c48e947ae7a9612ae3eae5c2fb72 .av-subheading{\nfont-size:15px;\n}\n<\/style>\n<div  class='av-special-heading av-fsfsw-a380c48e947ae7a9612ae3eae5c2fb72 av-special-heading-h1  avia-builder-el-7  el_before_av_table  avia-builder-el-first '><h1 class='av-special-heading-tag '  itemprop=\"headline\"  >Preise f\u00fcr Dienstleistungen<\/h1><div class=\"special-heading-border\"><div class=\"special-heading-inner-border\"><\/div><\/div><\/div>\n<div  class='avia-table av-1hci6o-74023bd98cf68606146baaf6dbe70a57 main_color avia-pricing-table-container avia_show_empty_cells avia_pricing_default  avia-builder-el-8  el_after_av_heading  avia-builder-el-last  avia-table-2'  itemscope=\"itemscope\" itemtype=\"https:\/\/schema.org\/Table\" ><div class=\"pricing-table-wrap\"><ul class='pricing-table avia-highlight-col'><li class='avia-heading-row'><div class='first-table-item'>PC Homeservice (Privat)<\/div><span class='pricing-extra'><\/span><\/li><li class=''>PC Homeservice bei Ihnen vor Ort, Beratung am PC vor Ort, Erkl\u00e4rung von Programmen, Einrichten von Software, Hardware oder eines Netzwerks, individuelle Beratung und weitere Leistungen.<br \/><\/li><li class='avia-heading-row'>55,00 EUR \/ Stunde<br \/>\n(65,45 EUR inkl. MwSt)<\/li><li class=''>zzgl. Anfahrtskosten<\/li><li class=''>Abrechnung im 30-Minuten-Takt.<br \/>\nMindestsatz: 60 Minuten je Auftrag<\/li><\/ul><\/div><div class=\"pricing-table-wrap\"><ul class='pricing-table avia-highlight-col'><li class='avia-heading-row'><div class='first-table-item'>PC Homeservice (Business)<\/div><span class='pricing-extra'><\/span><\/li><li class=''>Priorisierter PC Homeservice f\u00fcr Gesch\u00e4ftskunden, Gewerbebetriebe vor Ort an Kundenadresse.<br \/>\nIT-Dienstleistungen f\u00fcr Firmen, Netzwerktechnik, Hard- &#038; Software und individuelle Services.<\/p>\n<p><\/li><li class='avia-heading-row'>70,00 EUR \/ Stunde<br \/>\n(83,30 EUR inkl. MwSt)<\/li><li class=''>zzgl. Anfahrtskosten<\/li><li class=''>Abrechnung im 30-Minuten-Takt.<br \/>\nMindestsatz: 60 Minuten je Auftrag<\/li><\/ul><\/div><div class=\"pricing-table-wrap\"><ul class='pricing-table avia-highlight-col'><li class='avia-heading-row'><div class='first-table-item'>Schulungen<\/div><span class='pricing-extra'><\/span><\/li><li class=''>Alle Schulungen die von uns angeboten werden (Microsoft Office, Windows Betriebssysteme etc.)<br \/>\nDer Preis gilt f\u00fcr die Schulung einer Person (Gruppenrabatte m\u00f6glich!)<\/li><li class='avia-heading-row'>50,00 EUR \/ Stunde<br \/>\n(59,50 EUR inkl. MwSt)<\/li><li class=''>zzgl. Anfahrtskosten<\/li><li class=''>Abrechnung im 30-Minuten-Takt.<br \/>\nMindestsatz: 60 Minuten je Auftrag<\/li><\/ul><\/div><\/div>\n<\/div><\/div><\/div><!-- close content main div --><\/div><\/div><\/div><div id='av_section_3'  class='avia-section av-143ypg-60d9b33ce208ef820286b4afd7bb19f3 main_color avia-section-default avia-no-shadow  avia-builder-el-9  el_after_av_section  el_before_av_section  avia-bg-style-scroll container_wrap sidebar_right'  ><div class=\"av-section-color-overlay-wrap\"><a href='#next-section' title='' class='scroll-down-link  avia-svg-icon avia-font-svg_entypo-fontello' data-av_svg_icon='down-open-mini' data-av_iconset='svg_entypo-fontello'><svg version=\"1.1\" xmlns=\"http:\/\/www.w3.org\/2000\/svg\" width=\"15\" height=\"32\" viewBox=\"0 0 15 32\" preserveAspectRatio=\"xMidYMid meet\" aria-labelledby='av-svg-title-3' aria-describedby='av-svg-desc-3' role=\"graphics-symbol\" aria-hidden=\"true\">\n<title id='av-svg-title-3'>Scroll to next section<\/title>\n<desc id='av-svg-desc-3'>Scroll to next section<\/desc>\n<path d=\"M12.96 12.16q0.704-0.832 1.536 0 0.832 0.704 0 1.536l-6.272 6.144q-0.704 0.704-1.536 0l-6.272-6.144q-0.832-0.832 0-1.536 0.768-0.768 1.6 0l5.44 4.992z\"><\/path>\n<\/svg><\/a><div class='container av-section-cont-open' ><div class='template-page content  av-content-small alpha units'><div class='post-entry post-entry-type-page post-entry-88'><div class='entry-content-wrapper clearfix'>\n\n<style type=\"text\/css\" data-created_by=\"avia_inline_auto\" id=\"style-css-av-9xogg-cd562c167906eb96e1d971ab47cea179\">\n#top .av-special-heading.av-9xogg-cd562c167906eb96e1d971ab47cea179{\npadding-bottom:10px;\n}\nbody .av-special-heading.av-9xogg-cd562c167906eb96e1d971ab47cea179 .av-special-heading-tag .heading-char{\nfont-size:25px;\n}\n.av-special-heading.av-9xogg-cd562c167906eb96e1d971ab47cea179 .av-subheading{\nfont-size:15px;\n}\n<\/style>\n<div  class='av-special-heading av-9xogg-cd562c167906eb96e1d971ab47cea179 av-special-heading-h1  avia-builder-el-10  el_before_av_table  avia-builder-el-first '><h1 class='av-special-heading-tag '  itemprop=\"headline\"  >Preise f\u00fcr Fernwartungen<\/h1><div class=\"special-heading-border\"><div class=\"special-heading-inner-border\"><\/div><\/div><\/div>\n<div  class='avia-table av-12x97g-5270cc31857b4f15df5da8b0ca400e61 main_color avia-pricing-table-container avia_pricing_default  avia-builder-el-11  el_after_av_heading  avia-builder-el-last  avia-table-3'  itemscope=\"itemscope\" itemtype=\"https:\/\/schema.org\/Table\" ><div class=\"pricing-table-wrap\"><ul class='pricing-table '><li class='avia-heading-row'><div class='first-table-item'>Fernwartung (Privatkunden)<\/div><span class='pricing-extra'><\/span><\/li><li class=''>Standard Support!<br \/>\nL\u00f6sung Ihrer Probleme via Fernwartung (TeamViewer oder VPN\/RDPC)<br \/>\nTelefonischer Support w\u00e4hrend der Arbeiten<\/li><li class='avia-heading-row'>55,00 EUR \/ Stunde<br \/>\n(65,45 EUR inkl. MwSt)<\/li><li class=''>Abrechnung im 15-Minuten-Takt<\/li><li class=''>Zzgl. 5,95 EUR (inkl. MwSt) pro Auftrag Telefonie-pauschale<\/li><\/ul><\/div><div class=\"pricing-table-wrap\"><ul class='pricing-table '><li class='avia-heading-row'><div class='first-table-item'>Fernwartung (Businesskunden)<\/div><span class='pricing-extra'><\/span><\/li><li class=''>Priorisierter Support!<br \/>\nL\u00f6sung Ihrer Probleme via Fernwartung (TeamViewer oder VPN\/RDPC)<br \/>\nTelefonischer Support w\u00e4hrend der Arbeiten<\/li><li class='avia-heading-row'>70,00 EUR \/ Stunde<br \/>\n(83,30 EUR inkl. MwSt)<\/li><li class=''>Abrechnung im 15-Minuten-Takt<\/li><li class=''>Zzgl. 5,95 EUR (inkl. MwSt) pro Auftrag Telefonie-pauschale<\/li><\/ul><\/div><\/div>\n<\/p>\n<\/div><\/div><\/div><!-- close content main div --><\/div><\/div><\/div><div id='av_section_4'  class='avia-section av-t1fy4-fce25008a89116b2e4fdb3a77f052fae alternate_color avia-section-default avia-no-shadow  avia-builder-el-12  el_after_av_section  avia-builder-el-last  avia-bg-style-scroll container_wrap sidebar_right'  ><div class=\"av-section-color-overlay-wrap\"><a href='#next-section' title='' class='scroll-down-link  avia-svg-icon avia-font-svg_entypo-fontello' data-av_svg_icon='down-open-mini' data-av_iconset='svg_entypo-fontello'><svg version=\"1.1\" xmlns=\"http:\/\/www.w3.org\/2000\/svg\" width=\"15\" height=\"32\" viewBox=\"0 0 15 32\" preserveAspectRatio=\"xMidYMid meet\" aria-labelledby='av-svg-title-4' aria-describedby='av-svg-desc-4' role=\"graphics-symbol\" aria-hidden=\"true\">\n<title id='av-svg-title-4'>Scroll to next section<\/title>\n<desc id='av-svg-desc-4'>Scroll to next section<\/desc>\n<path d=\"M12.96 12.16q0.704-0.832 1.536 0 0.832 0.704 0 1.536l-6.272 6.144q-0.704 0.704-1.536 0l-6.272-6.144q-0.832-0.832 0-1.536 0.768-0.768 1.6 0l5.44 4.992z\"><\/path>\n<\/svg><\/a><div class='container av-section-cont-open' ><div class='template-page content  av-content-small alpha units'><div class='post-entry post-entry-type-page post-entry-88'><div class='entry-content-wrapper clearfix'>\n\n<style type=\"text\/css\" data-created_by=\"avia_inline_auto\" id=\"style-css-av-s7jmw-52b0068f4d764a724d25765764278c75\">\n#top .av-special-heading.av-s7jmw-52b0068f4d764a724d25765764278c75{\npadding-bottom:10px;\n}\nbody .av-special-heading.av-s7jmw-52b0068f4d764a724d25765764278c75 .av-special-heading-tag .heading-char{\nfont-size:25px;\n}\n.av-special-heading.av-s7jmw-52b0068f4d764a724d25765764278c75 .av-subheading{\nfont-size:15px;\n}\n<\/style>\n<div  class='av-special-heading av-s7jmw-52b0068f4d764a724d25765764278c75 av-special-heading-h1  avia-builder-el-13  el_before_av_table  avia-builder-el-first '><h1 class='av-special-heading-tag '  itemprop=\"headline\"  >Websupport Preis\u00fcbersicht<\/h1><div class=\"special-heading-border\"><div class=\"special-heading-inner-border\"><\/div><\/div><\/div>\n<div  class='avia-table av-rhefk-961e41ebb8caa9145f7ac4429cd41f60 main_color avia-pricing-table-container avia_pricing_default  avia-builder-el-14  el_after_av_heading  el_before_av_textblock  avia-table-4'  itemscope=\"itemscope\" itemtype=\"https:\/\/schema.org\/Table\" ><div class=\"pricing-table-wrap\"><ul class='pricing-table avia-highlight-col'><li class='avia-heading-row'><div class='first-table-item'>Paket S<\/div><span class='pricing-extra'><\/span><\/li><li class=''>12 Stunden Servicearbeiten \/ Jahr<br \/>\n(1 Stunde je Monat)<\/li><li class=''>G\u00fcltig f\u00fcr 1 Webseite<\/li><li class=''>Leistungen:<br \/>\nPflege der Webseite, Wartungsarbeiten, Aktualisierungen, Backup<\/li><li class=''>16,7% Ersparnis gg\u00fc. regul\u00e4rem Stundensatz<\/li><li class=''>Jede weitere Servicestunde:<br \/>\n45,00 \u20ac<\/li><li class='avia-heading-row'>600,00 EUR \/ Jahr<\/li><li class='avia-button-row'><div  class='avia-button-wrap av-53lsg-4f85ffcbb2dcff241aaa175303d13186-wrap avia-button-center  avia-builder-el-15  el_before_av_button  avia-builder-el-first '><a href='mailto:info@redlight-pc.de?subject=Anfrage%20Websupport%20Paket%20S' class='avia-button av-53lsg-4f85ffcbb2dcff241aaa175303d13186 av-link-btn avia-icon_select-yes-left-icon avia-size-medium avia-position-center avia-color-theme-color' target=\"_blank\" rel=\"noopener noreferrer\" aria-label=\"Anfrage senden\"><span class='avia_button_icon avia_button_icon_left avia-iconfont avia-font-entypo-fontello' data-av_icon='\ue805' data-av_iconfont='entypo-fontello' ><\/span><span class='avia_iconbox_title' >Anfrage senden<\/span><\/a><\/div><\/li><\/ul><\/div><div class=\"pricing-table-wrap\"><ul class='pricing-table avia-highlight-col'><li class='avia-heading-row'><div class='first-table-item'>Paket M<\/div><span class='pricing-extra'><\/span><\/li><li class=''>24 Stunden Servicearbeiten \/ Jahr<br \/>\n(2 Stunden je Monat)<\/li><li class=''>G\u00fcltig f\u00fcr 2 Webseiten<\/li><li class=''>Leistungen:<br \/>\nPflege der Webseite, Wartungsarbeiten, Aktualisierungen, Backup<\/li><li class=''>25% Ersparnis gg\u00fc. regul\u00e4rem Stundensatz<\/li><li class=''>Jede weitere Servicestunde:<br \/>\n40,00 \u20ac<\/li><li class='avia-heading-row'>1000,00 EUR \/ Jahr<\/li><li class='avia-button-row'><div  class='avia-button-wrap av-3rytk-40d6e659c85cac29d00d270e52648384-wrap avia-button-center  avia-builder-el-16  el_after_av_button  el_before_av_button '><a href='mailto:info@redlight-pc.de?subject=Anfrage%20Websupport%20Paket%20M' class='avia-button av-3rytk-40d6e659c85cac29d00d270e52648384 av-link-btn avia-icon_select-yes-left-icon avia-size-medium avia-position-center avia-color-theme-color' target=\"_blank\" rel=\"noopener noreferrer\" aria-label=\"Anfrage senden\"><span class='avia_button_icon avia_button_icon_left avia-iconfont avia-font-entypo-fontello' data-av_icon='\ue805' data-av_iconfont='entypo-fontello' ><\/span><span class='avia_iconbox_title' >Anfrage senden<\/span><\/a><\/div><\/li><\/ul><\/div><div class=\"pricing-table-wrap\"><ul class='pricing-table avia-highlight-col'><li class='avia-heading-row'><div class='first-table-item'>Paket L<\/div><span class='pricing-extra'><\/span><\/li><li class=''>36 Stunden Servicearbeiten \/ Jahr<br \/>\n(3 Stunden je Monat)<\/li><li class=''>G\u00fcltig f\u00fcr 3 Webseiten<\/li><li class=''>Leistungen:<br \/>\nPflege der Webseite, Wartungsarbeiten, Aktualisierungen, Backup<\/li><li class=''>30,5% Ersparnis gg\u00fc. regul\u00e4rem Stundensatz<\/li><li class=''>Jede weitere Servicestunde:<br \/>\n35,00 \u20ac<\/li><li class='avia-heading-row'>1450,00 EUR \/ Jahr<\/li><li class='avia-button-row'><div  class='avia-button-wrap av-2kbr8-d993e740f1b1bdf3b8da6d8f8b0848b1-wrap avia-button-center  avia-builder-el-17  el_after_av_button  el_before_av_button '><a href='mailto:info@redlight-pc.de?subject=Anfrage%20Websupport%20Paket%20L' class='avia-button av-2kbr8-d993e740f1b1bdf3b8da6d8f8b0848b1 av-link-btn avia-icon_select-yes-left-icon avia-size-medium avia-position-center avia-color-theme-color' target=\"_blank\" rel=\"noopener noreferrer\" aria-label=\"Anfrage senden\"><span class='avia_button_icon avia_button_icon_left avia-iconfont avia-font-entypo-fontello' data-av_icon='\ue805' data-av_iconfont='entypo-fontello' ><\/span><span class='avia_iconbox_title' >Anfrage senden<\/span><\/a><\/div><\/li><\/ul><\/div><div class=\"pricing-table-wrap\"><ul class='pricing-table avia-highlight-col'><li class='avia-heading-row'><div class='first-table-item'>Individuell<\/div><span class='pricing-extra'><\/span><\/li><li class=''>Auf Anfrage<br \/>\n(nach Ihren Bed\u00fcrfnissen)<\/li><li class=''>Individuell<\/li><li class=''>Leistungen:<br \/>\nIndividuelle Leistungen &#038; Services sind m\u00f6glich<br \/>\n(nach Ihren Bed\u00fcrfnissen)<\/p>\n<p><\/li><li class=''>Ersparnis abh\u00e4ngig von Ihren Anforderungen<\/li><li class=''>Individueller Stundensatz je nach Anforderungen<\/li><li class='avia-heading-row'>Preis auf Anfrage<\/li><li class='avia-button-row'><div  class='avia-button-wrap av-1e8k0-261e5072b259fb82d19382a2f28ca347-wrap avia-button-center  avia-builder-el-18  el_after_av_button  avia-builder-el-last '><a href='mailto:info@redlight-pc.de?subject=Anfrage%20Websupport%20individuell' class='avia-button av-1e8k0-261e5072b259fb82d19382a2f28ca347 av-link-btn avia-icon_select-yes-left-icon avia-size-medium avia-position-center avia-color-theme-color' target=\"_blank\" rel=\"noopener noreferrer\" aria-label=\"Anfrage senden\"><span class='avia_button_icon avia_button_icon_left avia-iconfont avia-font-entypo-fontello' data-av_icon='\ue805' data-av_iconfont='entypo-fontello' ><\/span><span class='avia_iconbox_title' >Anfrage senden<\/span><\/a><\/div><\/li><\/ul><\/div><\/div>\n\n<style type=\"text\/css\" data-created_by=\"avia_inline_auto\" id=\"style-css-av-pjig-354840ff293d787bb5c69a5a536bd4b5\">\n#top .av_textblock_section.av-pjig-354840ff293d787bb5c69a5a536bd4b5 .avia_textblock{\nfont-size:14px;\n}\n<\/style>\n<section  class='av_textblock_section av-pjig-354840ff293d787bb5c69a5a536bd4b5 '   itemscope=\"itemscope\" itemtype=\"https:\/\/schema.org\/CreativeWork\" ><div class='avia_textblock'  itemprop=\"text\" ><p style=\"text-align: center;\"><span style=\"color: #003366;\"><strong>Alle Preise sind Nettopreise und verstehen sich zzgl. 19% Umsatzsteuer<\/strong><\/span><\/p>\n<\/div><\/section>\n<\/div><\/div><\/div><!-- close content main div --><\/div><\/div><\/div><div id='after_section_4'  class='main_color av_default_container_wrap container_wrap sidebar_right'  ><div class='container av-section-cont-open' ><div class='template-page content  av-content-small alpha units'><div class='post-entry post-entry-type-page post-entry-88'><div class='entry-content-wrapper clearfix'>\n","protected":false},"excerpt":{"rendered":"","protected":false},"author":1,"featured_media":0,"parent":0,"menu_order":6,"comment_status":"closed","ping_status":"closed","template":"","meta":{"jetpack_post_was_ever_published":false,"footnotes":""},"aioseo_notices":[],"jetpack_shortlink":"https:\/\/wp.me\/P2NCds-1q","jetpack_sharing_enabled":true,"_links":{"self":[{"href":"https:\/\/redlight-pc.de\/cms\/wp-json\/wp\/v2\/pages\/88"}],"collection":[{"href":"https:\/\/redlight-pc.de\/cms\/wp-json\/wp\/v2\/pages"}],"about":[{"href":"https:\/\/redlight-pc.de\/cms\/wp-json\/wp\/v2\/types\/page"}],"author":[{"embeddable":true,"href":"https:\/\/redlight-pc.de\/cms\/wp-json\/wp\/v2\/users\/1"}],"replies":[{"embeddable":true,"href":"https:\/\/redlight-pc.de\/cms\/wp-json\/wp\/v2\/comments?post=88"}],"version-history":[{"count":67,"href":"https:\/\/redlight-pc.de\/cms\/wp-json\/wp\/v2\/pages\/88\/revisions"}],"predecessor-version":[{"id":36239,"href":"https:\/\/redlight-pc.de\/cms\/wp-json\/wp\/v2\/pages\/88\/revisions\/36239"}],"wp:attachment":[{"href":"https:\/\/redlight-pc.de\/cms\/wp-json\/wp\/v2\/media?parent=88"}],"curies":[{"name":"wp","href":"https:\/\/api.w.org\/{rel}","templated":true}]}}